{"id":753,"date":"2022-08-14T21:44:24","date_gmt":"2022-08-14T19:44:24","guid":{"rendered":"https:\/\/www.zsmiletin.cz\/?page_id=753"},"modified":"2026-01-11T20:53:25","modified_gmt":"2026-01-11T19:53:25","slug":"skolni-poradenske-pracoviste","status":"publish","type":"page","link":"https:\/\/www.zsmiletin.cz\/?page_id=753","title":{"rendered":"\u0160koln\u00ed poradensk\u00e9 pracovi\u0161t\u011b"},"content":{"rendered":"<h2><a href=\"https:\/\/www.zsmiletin.cz\/wp-content\/uploads\/2025\/09\/Skolni-poradenske-pracoviste-od-1.9.2025.pdf\">\u0160koln\u00ed poradensk\u00e9 pracovi\u0161t\u011b od 1.9.2025<\/a><\/h2>\n<h2><a href=\"https:\/\/www.zsmiletin.cz\/wp-content\/uploads\/2025\/09\/specialni-pedagog.pdf\">Informace o \u010dinnosti \u0161koln\u00edho speci\u00e1ln\u00edho pedagoga<\/a><\/h2>\n<h2><a href=\"https:\/\/www.zsmiletin.cz\/wp-content\/uploads\/2026\/01\/Plan-prace-skolniho-poradenskeho-pracoviste.docx\">Pl\u00e1n pr\u00e1ce \u0161koln\u00edho poradensk\u00e9ho pracovi\u0161t\u011b<\/a><\/h2>\n<h2><a href=\"https:\/\/www.zsmiletin.cz\/wp-content\/uploads\/2026\/01\/Program-poradenskych-sluzeb.doc\">Program poradensk\u00fdch slu\u017eeb<\/a><\/h2>\n<h2>&nbsp;<\/h2>\n","protected":false},"excerpt":{"rendered":"<p>\u0160koln\u00ed poradensk\u00e9 pracovi\u0161t\u011b od 1.9.2025 Informace o \u010dinnosti \u0161koln\u00edho speci\u00e1ln\u00edho pedagoga Pl\u00e1n pr\u00e1ce \u0161koln\u00edho poradensk\u00e9ho pracovi\u0161t\u011b Program poradensk\u00fdch slu\u017eeb &nbsp;<\/p>\n","protected":false},"author":1,"featured_media":0,"parent":0,"menu_order":0,"comment_status":"closed","ping_status":"closed","template":"","meta":{"ngg_post_thumbnail":0,"footnotes":""},"class_list":["post-753","page","type-page","status-publish","hentry","latest_post"],"_links":{"self":[{"href":"https:\/\/www.zsmiletin.cz\/index.php?rest_route=\/wp\/v2\/pages\/753","targetHints":{"allow":["GET"]}}],"collection":[{"href":"https:\/\/www.zsmiletin.cz\/index.php?rest_route=\/wp\/v2\/pages"}],"about":[{"href":"https:\/\/www.zsmiletin.cz\/index.php?rest_route=\/wp\/v2\/types\/page"}],"author":[{"embeddable":true,"href":"https:\/\/www.zsmiletin.cz\/index.php?rest_route=\/wp\/v2\/users\/1"}],"replies":[{"embeddable":true,"href":"https:\/\/www.zsmiletin.cz\/index.php?rest_route=%2Fwp%2Fv2%2Fcomments&post=753"}],"version-history":[{"count":6,"href":"https:\/\/www.zsmiletin.cz\/index.php?rest_route=\/wp\/v2\/pages\/753\/revisions"}],"predecessor-version":[{"id":10250,"href":"https:\/\/www.zsmiletin.cz\/index.php?rest_route=\/wp\/v2\/pages\/753\/revisions\/10250"}],"wp:attachment":[{"href":"https:\/\/www.zsmiletin.cz\/index.php?rest_route=%2Fwp%2Fv2%2Fmedia&parent=753"}],"curies":[{"name":"wp","href":"https:\/\/api.w.org\/{rel}","templated":true}]}}